of 5992103.
13, 89, 5179
What are the prime factors of 8622623?
53, 162691
List the prime factors of 217469.
7, 47, 661
What are the prime factors of 1406364?
2, 3, 163, 719
What are the prime factors of 816905?
5, 19, 8599
List the prime factors of 81099.
3, 9011
List the prime factors of 878574.
2, 3, 181, 809
What are the prime factors of 20188610?
2, 5, 13, 97, 1601
What are the prime factors of 198875?
5, 37, 43
List the prime factors of 425353.
19, 61, 367
List the prime factors of 1436349.
3, 683, 701
List the prime factors of 1889884.
2, 31, 15241
What are the prime factors of 3411390?
2, 3, 5, 17, 6689
List the prime factors of 133287.
3, 7, 11, 577
What are the prime factors of 3416416?
2, 241, 443
List the prime factors of 1269101.
17, 74653
List the prime factors of 1462389.
3, 487463
List the prime factors of 7707909.
3, 11, 131, 1783
What are the prime factors of 101243?
137, 739
What are the prime factors of 312220?
2, 5, 67, 233
What are the prime factors of 15709660?
2, 5, 785483
List the prime factors of 766208.
2, 41, 73
List the prime factors of 94724.
2, 7, 17, 199
List the prime factors of 139689.
3, 11, 17, 83
What are the prime factors of 7541082?
2, 3, 43, 9743
What are the prime factors of 23228607?
3, 79, 98011
List the prime factors of 10721954.
2, 5360977
What are the prime factors of 1901400?
2, 3, 5, 3169
What are the prime factors of 191114?
2, 7, 11, 17, 73
What are the prime factors of 2140348?
2, 7, 76441
List the prime factors of 1324766.
2, 157, 4219
List the prime factors of 7349577.
3, 2449859
What are the prime factors of 341175?
3, 5, 4549
List the prime factors of 116439.
3, 37, 1049
What are the prime factors of 221375?
5, 7, 11, 23
List the prime factors of 35123769.
3, 3902641
List the prime factors of 949133.
59, 16087
What are the prime factors of 993556?
2, 248389
What are the prime factors of 1265704?
2, 11, 19, 757
What are the prime factors of 2718439?
23, 181, 653
What are the prime factors of 4565?
5, 11, 83
List the prime factors of 1138543.
7, 162649
What are the prime factors of 2398695?
3, 5, 13, 12301
What are the prime factors of 7934157?
3, 7, 11, 107
List the prime factors of 22838.
2, 19, 601
List the prime factors of 640954.
2, 320477
What are the prime factors of 701732?
2, 175433
What are the prime factors of 6444272?
2, 402767
List the prime factors of 149812.
2, 13, 43, 67
List the prime factors of 2408796.
2, 3, 13, 5147
What are the prime factors of 42106355?
5, 1231, 6841
What are the prime factors of 926651?
11, 61, 1381
What are the prime factors of 995863?
11, 90533
List the prime factors of 234014.
2, 11, 967
List the prime factors of 6344876.
2, 17, 93307
What are the prime factors of 283695?
3, 5, 18913
List the prime factors of 1504634.
2, 79, 89, 107
List the prime factors of 7236940.
2, 5, 59, 6133
What are the prime factors of 4778259?
3, 1592753
List the prime factors of 7267884.
2, 3, 13, 46589
What are the prime factors of 4309264?
2, 41, 6569
What are the prime factors of 22025195?
5, 73, 60343
List the prime factors of 8564286.
2, 3, 277, 5153
What are the prime factors of 81102?
2, 3, 7, 1931
What are the prime factors of 443766?
2, 3, 73961
What are the prime factors of 71117?
19, 197
List the prime factors of 8401147.
8401147
What are the prime factors of 4640408?
2, 19, 30529
What are the prime factors of 1600?
2, 5
List the prime factors of 1892542.
2, 17, 55663
What are the prime factors of 1154170?
2, 5, 211, 547
List the prime factors of 260677.
260677
List the prime factors of 4241836.
2, 1009, 1051
List the prime factors of 268479.
3, 23, 1297
What are the prime factors of 1579672?
2, 379, 521
What are the prime factors of 240164?
2, 60041
List the prime factors of 10383510.
2, 3, 5, 346117
What are the prime factors of 8804193?
3, 23, 127597
What are the prime factors of 545732?
2, 11, 79, 157
What are the prime factors of 2331871?
2331871
What are the prime factors of 1223005?
5, 7, 83, 421
What are the prime factors of 4943230?
2, 5, 19, 26017
What are the prime factors of 1543387?
181, 8527
What are the prime factors of 122333?
71, 1723
List the prime factors of 1076439.
3, 7, 13, 3943
List the prime factors of 4722751.
11, 23, 1697
What are the prime factors of 2459724?
2, 3, 71, 2887
List the prime factors of 24907.
24907
What are the prime factors of 9961845?
3, 5, 664123
What are the prime factors of 11940713?
43, 277691
What are the prime factors of 3397479?
3, 787, 1439
List the prime factors of 356398.
2, 7, 25457
List the prime factors of 8141472.
2, 3, 349
What are the prime factors of 9078245?
5, 11, 165059
List the prime factors of 154904.
2, 17, 67
List the prime factors of 10524899.
7, 11, 53, 2579
List the prime factors of 427533.
3, 17, 83, 101
List the prime factors of 3291073.
3291073
List the prime factors of 264235.
5, 43, 1229
List the prime factors of 1357059.
3, 11, 17, 41, 59
List the prime factors of 761216.
2, 19, 313
What are the prime factors of 1573834?
2, 131, 6007
List the prime factors of 425643.
3, 53, 2677
List the prime factors of 669828.
2, 3, 55819
What are the prime factors of 378015?
3, 5, 11, 29, 79
What are the prime factors of 45460677?
3, 41, 61, 73, 83
What are the prime factors of 5324997?
3, 19, 103, 907
List the prime factors of 61803.
3, 7, 109
What are the prime factors of 291019?
23, 12653
What are the prime factors of 312035?
5, 17, 3671
List the prime factors of 377327.
377327
What are the prime factors of 204305?
5, 29, 1409
List the prime factors of 11313387.
3, 1257043
List the prime factors of 339668.
2, 7, 1733
What are the prime factors of 121484?
2, 11, 251
What are the prime factors of 2645788?
2, 19, 31, 1123
List the prime factors of 142229.
41, 3469
List the prime factors of 2285721.
3, 253969
List the prime factors of 57859.
57859
What are the prime factors of 596675?
5, 29, 823
What are the prime factors of 647249?
31, 20879
What are the prime factors of 1157414?
2, 53, 61, 179
What are the prime factors of 225542?
2, 112771
What are the prime factors of 4388145?
3, 5, 19, 89, 173
What are the prime factors of 680467?
37, 53, 347
What are the prime factors of 237404?
2, 59351
List the prime factors of 4857670.
2, 5, 151, 3217
What are the prime factors of 19565022?
2, 3, 19, 73, 2351
List the prime factors of 5610726.
2, 3, 11, 43, 659
What are the prime factors of 7800001?
11, 149, 4759
List the prime factors of 933828.
2, 3, 7, 11117
What are the prime factors of 1362232?
2, 170279
What are the prime factors of 988593?
3, 229, 1439
List the prime factors of 2474052.
2, 3, 7, 29453
What are the prime factors of 2841466?
2, 23, 223, 277
List the prime factors of 948274.
2, 474137
What are the prime factors of 21379?
21379
List the prime factors of 20598880.
2, 5, 31, 4153
What are the prime factors of 584926?
2, 59, 4957
List the prime factors of 1062669.
3, 23, 15401
What are the prime factors of 833253?
3, 277751
List the prime factors of 700336.
2, 7, 13, 37
List the prime factors of 1048001.
41, 25561
List the prime factors of 1484755.
5, 19, 15629
List the prime factors of 7673137.
17, 451361
List the prime factors of 2222871.
3, 7, 151, 701
List the prime factors of 199700.
2, 5, 1997
What are the prime factors of 6812853?
3, 23, 98737
What are the prime factors of 10213587?
3, 23, 16447
What are the prime factors of 3191243?
11, 290113
What are the prime factors of 38763?
3, 59, 73
List the prime factors of 123186.
2, 3, 7, 419
What are the prime factors of 1317286?
2, 658643
What are the prime factors of 705591?
3, 31, 281
What are the prime factors of 1055522?
2, 13, 40597
List the prime factors of 15998211.
3, 79, 22501
List the prime factors of 26332719.
3, 7, 863, 1453
What are the prime factors of 140947?
17, 8291
List the prime factors of 925312.
2, 7229
What are the prime factors of 342786?
2, 3, 57131
List the prime factors of 185870.
2, 5, 18587
List the prime factors of 331490.
2, 5, 33149
What are the prime factors of 6923582?
2, 3461791
What are the prime factors of 15745?
5, 47, 67
What are the prime factors of 3925005?
3, 5, 7, 29, 1289
List the prime factors of 3757105.
5, 11, 68311
List the prime factors of 35471.
79, 449
List the prime factors of 207267.